{"id":87864,"date":"2022-11-21T18:03:35","date_gmt":"2022-11-21T18:03:35","guid":{"rendered":"https:\/\/dominio-teste.pt\/formidable\/?page_id=87864"},"modified":"2023-03-22T12:09:26","modified_gmt":"2023-03-22T12:09:26","slug":"tornar-me-associado","status":"publish","type":"page","link":"https:\/\/dominio-teste.pt\/formidable\/tornar-me-associado\/","title":{"rendered":"Tornar-me Associado"},"content":{"rendered":"<p>[vc_row row_height_percent=&#8221;50&#8243; override_padding=&#8221;yes&#8221; h_padding=&#8221;2&#8243; top_padding=&#8221;3&#8243; bottom_padding=&#8221;3&#8243; back_color=&#8221;color-wayh&#8221; back_image=&#8221;87844&#8243; back_position=&#8221;center center&#8221; overlay_color=&#8221;accent&#8221; overlay_alpha=&#8221;0&#8243; gutter_size=&#8221;3&#8243; column_width_percent=&#8221;100&#8243; shift_y=&#8221;0&#8243; z_index=&#8221;0&#8243;][vc_column column_width_percent=&#8221;100&#8243; position_vertical=&#8221;bottom&#8221; gutter_size=&#8221;3&#8243; style=&#8221;dark&#8221; overlay_alpha=&#8221;50&#8243; shift_x=&#8221;0&#8243; shift_y=&#8221;0&#8243; medium_width=&#8221;0&#8243; zoom_width=&#8221;0&#8243; zoom_height=&#8221;0&#8243; width=&#8221;1\/1&#8243;][vc_empty_space empty_h=&#8221;5&#8243;][vc_empty_space empty_h=&#8221;5&#8243;][vc_empty_space empty_h=&#8221;5&#8243;][\/vc_column][\/vc_row][vc_row unlock_row=&#8221;&#8221; row_height_percent=&#8221;0&#8243; override_padding=&#8221;yes&#8221; h_padding=&#8221;2&#8243; top_padding=&#8221;3&#8243; bottom_padding=&#8221;3&#8243; overlay_alpha=&#8221;100&#8243; gutter_size=&#8221;3&#8243; shift_y=&#8221;0&#8243;][vc_column column_width_percent=&#8221;90&#8243; position_horizontal=&#8221;left&#8221; gutter_size=&#8221;3&#8243; overlay_alpha=&#8221;100&#8243; shift_x=&#8221;0&#8243; shift_y=&#8221;0&#8243; medium_width=&#8221;5&#8243; zoom_width=&#8221;0&#8243; zoom_height=&#8221;0&#8243; width=&#8221;1\/1&#8243;][vc_custom_heading text_font=&#8221;font-762333&#8243; text_size=&#8221;h4&#8243; text_transform=&#8221;capitalize&#8221; text_align=&#8221;text-left&#8221; text_uppercase=&#8221;&#8221; subheading=&#8221;As quotas anuais para 2022 s\u00e3o:<br \/>\n&#8211; Associados Individuais: 12\u20ac<br \/>\n&#8211; Associados Coletivos: 30\u20ac&#8221;]Ficha de Inscri\u00e7\u00e3o de Associado &#8211; PLATAFORMADAN\u00c7A[\/vc_custom_heading][vc_column_text]<\/p>\n<p>Os estatutos da associa\u00e7\u00e3o podem ser consultados <a href=\"https:\/\/dominio-teste.pt\/formidable\/wp-content\/uploads\/2022\/11\/Estatutos-PlataformaDanca.pdf\" target=\"_blank\" rel=\"noopener\">aqui<\/a>[\/vc_column_text][vc_separator][vc_column_text]<div class=\"frm_forms  with_frm_style frm_style_formidable-style\" id=\"frm_form_1_container\" >\n<form enctype=\"multipart\/form-data\" method=\"post\" class=\"frm-show-form  frm_pro_form  frm_ajax_submit \" id=\"form_contact-form-associado\"  >\n<div class=\"frm_form_fields  frm_page_num_1\">\n<fieldset>\n<legend class=\"frm_screen_reader\">Tornar-me associado<\/legend>\r\n\r\n<div class=\"frm_fields_container\">\n<div class=\"frm_rootline_group\"><ul class=\"frm_page_bar frm_rootline_5 frm_rootline frm_rootline_line  \"><li class=\"frm_rootline_single frm_current_page\"><input type=\"button\" value=\"1\" data-page=\"\" class=\" frm_page_1\" disabled=\"disabled\" data-field=\"0\" aria-label=\"Page 1\"  \/><\/li><li class=\"frm_rootline_single\"><input type=\"button\" value=\"2\" data-page=\"8\" class=\"frm_page_skip frm_page_2\" data-field=\"12\" aria-label=\"Next\"  \/><\/li><li class=\"frm_rootline_single\"><input type=\"button\" value=\"3\" data-page=\"14\" class=\"frm_page_skip frm_page_3\" data-field=\"17\" aria-label=\"Next\"  \/><\/li><li class=\"frm_rootline_single\"><input type=\"button\" value=\"4\" data-page=\"52\" class=\"frm_page_skip frm_page_4\" data-field=\"28\" aria-label=\"Next\"  \/><\/li><li class=\"frm_rootline_single\"><input type=\"button\" value=\"5\" data-page=\"62\" class=\"frm_page_skip frm_page_5\" data-field=\"35\" aria-label=\"Next\"  \/><\/li><\/ul><div class=\"frm_clearfix\"><\/div><\/div><input type=\"hidden\" name=\"frm_action\" value=\"create\" \/>\n<input type=\"hidden\" name=\"form_id\" value=\"1\" \/>\n<input type=\"hidden\" name=\"frm_hide_fields_1\" id=\"frm_hide_fields_1\" value=\"\" \/>\n<input type=\"hidden\" name=\"form_key\" value=\"contact-form-associado\" \/>\n<input type=\"hidden\" name=\"item_meta[0]\" value=\"\" \/>\n<input type=\"hidden\" id=\"frm_submit_entry_1\" name=\"frm_submit_entry_1\" value=\"de77d1c4bf\" \/><input type=\"hidden\" name=\"_wp_http_referer\" value=\"\/formidable\/wp-json\/wp\/v2\/pages\/87864\" \/><div id=\"frm_field_3_container\" class=\"frm_form_field form-field  frm_required_field frm_top_container frm_full\">\r\n    <label for=\"field_29yf4d\" id=\"field_29yf4d_label\" class=\"frm_primary_label\">Email\r\n        <span class=\"frm_required\" aria-hidden=\"true\">*<\/span>\r\n    <\/label>\r\n    <input type=\"email\" id=\"field_29yf4d\" name=\"item_meta[3]\" value=\"\"  data-reqmsg=\"This field cannot be blank.\" aria-required=\"true\" data-invmsg=\"Please enter a valid email address\" aria-invalid=\"false\"  \/>\r\n    \r\n    \r\n<\/div>\n<div id=\"frm_field_11_container\" class=\"frm_form_field form-field  frm_required_field frm_top_container vertical_radio\">\r\n    <div  id=\"field_kra1e_label\" class=\"frm_primary_label\">\u00c9 profissional na \u00e1rea da Dan\u00e7a ou representa uma Institui\u00e7\u00e3o\/Empresa\/Estrutura de Dan\u00e7a?\r\n        <span class=\"frm_required\" aria-hidden=\"true\">*<\/span>\r\n    <\/div>\r\n    <div class=\"frm_opt_container\" aria-labelledby=\"field_kra1e_label\" role=\"group\">\t\t<div class=\"frm_radio\" id=\"frm_radio_11-0\"><label for=\"field_kra1e-0\">\t\t<input type=\"radio\" name=\"item_meta[11]\" id=\"field_kra1e-0\" value=\"Sim\"\n\t\t   data-reqmsg=\"Este campo \u00e9 obrigat\u00f3rio.\" data-invmsg=\"\u00c9 profissional na \u00e1rea da Dan\u00e7a ou representa uma Institui\u00e7\u00e3o\/Empresa\/Estrutura de Dan\u00e7a? is invalid\" aria-invalid=\"false\"  \/> Sim<\/label><\/div>\n\t\t<div class=\"frm_radio\" id=\"frm_radio_11-1\"><label for=\"field_kra1e-1\">\t\t<input type=\"radio\" name=\"item_meta[11]\" id=\"field_kra1e-1\" value=\"N\u00e3o\"\n\t\t   data-reqmsg=\"Este campo \u00e9 obrigat\u00f3rio.\" data-invmsg=\"\u00c9 profissional na \u00e1rea da Dan\u00e7a ou representa uma Institui\u00e7\u00e3o\/Empresa\/Estrutura de Dan\u00e7a? is invalid\" aria-invalid=\"false\"  \/> N\u00e3o<\/label><\/div>\n<\/div>\r\n    \r\n    \r\n<\/div>\n<div id=\"frm_field_15_container\" class=\"frm_form_field  frm_html_container form-field\"><\/div>\n<input type=\"hidden\" name=\"frm_page_order_1\" id=\"frm_page_order_1\" value=\"8\" \/><input type=\"hidden\" name=\"item_meta[13]\" id=\"field_tivub-0\" value=\"\"  data-reqmsg=\"Este campo \u00e9 obrigat\u00f3rio.\" aria-required=\"true\" data-invmsg=\"Tipologia de Associado - Pretende inscrever-se como: is invalid\"   \/>\n<input type=\"hidden\" name=\"item_meta[17]\" id=\"field_n10bj\" value=\"\"  data-invmsg=\"Seguinte is invalid\"   \/>\n<input type=\"hidden\" name=\"item_meta[19]\" id=\"field_d4cn8\" value=\"\"  data-reqmsg=\"Este campo \u00e9 obrigat\u00f3rio.\" aria-required=\"true\" data-invmsg=\"Text is invalid\"   \/>\n<input type=\"hidden\" name=\"item_meta[40]\" id=\"field_c5kl\" value=\"\"  data-reqmsg=\"Este campo \u00e9 obrigat\u00f3rio.\" aria-required=\"true\" data-invmsg=\"Text is invalid\"   \/>\n<input type=\"hidden\" name=\"item_meta[20]\" id=\"field_fk1fx\" value=\"\"  data-reqmsg=\"Este campo \u00e9 obrigat\u00f3rio.\" aria-required=\"true\" data-invmsg=\"Data \u00e9 inv\u00e1lida.\"   \/>\n<input type=\"hidden\" name=\"item_meta[21]\" id=\"field_dsg0t\" value=\"\"  data-reqmsg=\"Este campo \u00e9 obrigat\u00f3rio.\" aria-required=\"true\" data-invmsg=\"Telefone \u00e9 inv\u00e1lido.\"   \/>\n<input type=\"hidden\" name=\"item_meta[22]\" id=\"field_9lpfc\" value=\"\"  data-reqmsg=\"Este campo \u00e9 obrigat\u00f3rio.\" aria-required=\"true\" data-invmsg=\"NIF \u00e9 inv\u00e1lido\"   \/>\n<input type=\"hidden\" name=\"item_meta[42]\" id=\"field_30jxz\" value=\"\"  data-reqmsg=\"Este campo \u00e9 obrigat\u00f3rio.\" aria-required=\"true\" data-invmsg=\"NIF \u00e9 inv\u00e1lido\"   \/>\n<input type=\"hidden\" name=\"item_meta[23]\" id=\"field_e4m7\" value=\"\"  data-reqmsg=\"Este campo \u00e9 obrigat\u00f3rio.\" aria-required=\"true\" data-invmsg=\"Text is invalid\"   \/>\n<input type=\"hidden\" name=\"item_meta[24]\" id=\"field_ajbz\" value=\"\"  data-reqmsg=\"Este campo \u00e9 obrigat\u00f3rio.\" aria-required=\"true\" data-invmsg=\"Text is invalid\"   \/>\n<input type=\"hidden\" name=\"item_meta[25]\" id=\"field_7il4k\" value=\"\"  data-reqmsg=\"Este campo \u00e9 obrigat\u00f3rio.\" aria-required=\"true\" data-invmsg=\"Text is invalid\"   \/>\n<input type=\"hidden\" name=\"item_meta[26]\" id=\"field_snqke-0\" value=\"\"  data-reqmsg=\"Este campo \u00e9 obrigat\u00f3rio.\" aria-required=\"true\" data-invmsg=\"Categoria Profissional is invalid\"   \/>\n<input type=\"hidden\" name=\"item_meta[27]\" id=\"field_ww38m\" value=\"\"  data-reqmsg=\"Este campo \u00e9 obrigat\u00f3rio.\" aria-required=\"true\" data-invmsg=\"Text is invalid\"   \/>\n<input type=\"hidden\" name=\"item_meta[46]\" id=\"field_m54cl-0\" value=\"\"  data-reqmsg=\"Este campo \u00e9 obrigat\u00f3rio.\" aria-required=\"true\" data-invmsg=\"Figura Jur\u00eddica is invalid\"   \/>\n<input type=\"hidden\" name=\"item_meta[47]\" id=\"field_ykpyf-0\" value=\"\"  data-reqmsg=\"Este campo \u00e9 obrigat\u00f3rio.\" aria-required=\"true\" data-invmsg=\"Tipo de Institui\u00e7\u00e3o is invalid\"   \/>\n<input type=\"hidden\" name=\"item_meta[48]\" id=\"field_m9pm7\" value=\"\"  data-reqmsg=\"Este campo \u00e9 obrigat\u00f3rio.\" aria-required=\"true\" data-invmsg=\"Text is invalid\"   \/>\n<input type=\"hidden\" name=\"item_meta[49]\" id=\"field_lfpe5\" value=\"\"  data-reqmsg=\"Este campo \u00e9 obrigat\u00f3rio.\" aria-required=\"true\" data-invmsg=\"Text is invalid\"   \/>\n<input type=\"hidden\" name=\"item_meta[50]\" id=\"field_4e8ap\" value=\"\"  data-reqmsg=\"Este campo \u00e9 obrigat\u00f3rio.\" aria-required=\"true\" data-invmsg=\"Telefone \u00e9 inv\u00e1lido.\"   \/>\n<input type=\"hidden\" name=\"item_meta[28]\" id=\"field_5c3zl\" value=\"\"  data-invmsg=\"Seguinte is invalid\"   \/>\n<input type=\"hidden\" name=\"item_meta[30]\" id=\"field_zxaxl-0\" value=\"\"  data-reqmsg=\"Este campo \u00e9 obrigat\u00f3rio.\" aria-required=\"true\" data-invmsg=\"Concordo com os estatutos da PLATAFORMADAN\u00c7A - Associa\u00e7\u00e3o Nacional de Dan\u00e7a * Os estatutos da associa\u00e7\u00e3o podem ser consultados em: https:\/\/plataformadanca.pt\/Estatutos%20PlataformaDan\u00e7a.pdf is invalid\"   \/>\n<input type=\"hidden\" name=\"item_meta[32]\" id=\"field_h38fu-0\" value=\"\"  data-reqmsg=\"Este campo \u00e9 obrigat\u00f3rio.\" aria-required=\"true\" data-invmsg=\"Concordo que as Convocat\u00f3rias para as Assembleias Gerais sejam enviadas por email nos termos da lei. is invalid\"   \/>\n<input type=\"hidden\" name=\"item_meta[33]\" id=\"field_82pdg-0\" value=\"\"  data-reqmsg=\"Este campo \u00e9 obrigat\u00f3rio.\" aria-required=\"true\" data-invmsg=\"A PLATAFORMADAN\u00c7A - Associa\u00e7\u00e3o Nacional de Dan\u00e7a tem uma quota anual. * A quota anual para 2021 \u00e9: Associados Individuais: 12\u20ac | Associados Coletivos: 30\u20ac is invalid\"   \/>\n<input type=\"hidden\" name=\"item_meta[34]\" id=\"field_waovo-0\" value=\"\"  data-reqmsg=\"Este campo \u00e9 obrigat\u00f3rio.\" aria-required=\"true\" data-invmsg=\"\u00c9 associado de alguma Associa\u00e7\u00e3o Sectorial parceira da PlataformaDan\u00e7a? Se sim pedimos que nos indique por email o n\u00famero de associado em conjunto com o recibo da quota de 2021 de forma a beneficiar do desconto is invalid\"   \/>\n<input type=\"hidden\" name=\"item_meta[35]\" id=\"field_mb498\" value=\"\"  data-invmsg=\"Seguinte is invalid\"   \/>\n<input type=\"hidden\" name=\"item_meta[36]\" id=\"field_xg3cb-0\" value=\"\"  data-reqmsg=\"Este campo \u00e9 obrigat\u00f3rio.\" aria-required=\"true\" data-invmsg=\"\u00c9 associado de que Associa\u00e7\u00e3o Sectorial parceira da PlataformaDan\u00e7a? is invalid\"   \/>\n<input type=\"hidden\" name=\"item_meta[37]\" id=\"field_tkfhs\" value=\"\"  data-reqmsg=\"Este campo \u00e9 obrigat\u00f3rio.\" aria-required=\"true\" data-invmsg=\"Numero \u00e9 inv\u00e1lido.\"   \/>\n\t<input type=\"hidden\" name=\"item_key\" value=\"\" \/>\n\t\t\t\t<div class=\"frm_verify\" aria-hidden=\"true\">\n\t\t\t\t<label for=\"frm_email_1\">\n\t\t\t\t\tIf you are human, leave this field blank.\t\t\t\t<\/label>\n\t\t\t\t<input type=\"text\" class=\"frm_verify\" id=\"frm_email_1\" name=\"frm_verify\" value=\"\"  \/>\n\t\t\t<\/div>\n\t\t<div class=\"frm_submit\">\r\n\r\n<button class=\"frm_button_submit\" type=\"submit\"   formnovalidate=\"formnovalidate\">Seguinte<\/button>\r\n\r\n<\/div><\/div>\n<\/fieldset>\n<\/div>\n<\/form>\n<\/div>\n[\/vc_column_text][\/vc_column][\/vc_row]<\/p>\n","protected":false},"excerpt":{"rendered":"<p>[vc_row row_height_percent=&#8221;50&#8243; override_padding=&#8221;yes&#8221; h_padding=&#8221;2&#8243; top_padding=&#8221;3&#8243; bottom_padding=&#8221;3&#8243; back_color=&#8221;color-wayh&#8221; back_image=&#8221;87844&#8243; back_position=&#8221;center center&#8221; overlay_color=&#8221;accent&#8221; overlay_alpha=&#8221;0&#8243; gutter_size=&#8221;3&#8243; column_width_percent=&#8221;100&#8243; shift_y=&#8221;0&#8243; z_index=&#8221;0&#8243;][vc_column column_width_percent=&#8221;100&#8243; position_vertical=&#8221;bottom&#8221; gutter_size=&#8221;3&#8243; style=&#8221;dark&#8221; [&hellip;]<\/p>\n","protected":false},"author":1,"featured_media":0,"parent":0,"menu_order":0,"comment_status":"closed","ping_status":"closed","template":"","meta":{"footnotes":""},"class_list":["post-87864","page","type-page","status-publish","hentry"],"_links":{"self":[{"href":"https:\/\/dominio-teste.pt\/formidable\/wp-json\/wp\/v2\/pages\/87864"}],"collection":[{"href":"https:\/\/dominio-teste.pt\/formidable\/wp-json\/wp\/v2\/pages"}],"about":[{"href":"https:\/\/dominio-teste.pt\/formidable\/wp-json\/wp\/v2\/types\/page"}],"author":[{"embeddable":true,"href":"https:\/\/dominio-teste.pt\/formidable\/wp-json\/wp\/v2\/users\/1"}],"replies":[{"embeddable":true,"href":"https:\/\/dominio-teste.pt\/formidable\/wp-json\/wp\/v2\/comments?post=87864"}],"version-history":[{"count":12,"href":"https:\/\/dominio-teste.pt\/formidable\/wp-json\/wp\/v2\/pages\/87864\/revisions"}],"predecessor-version":[{"id":89598,"href":"https:\/\/dominio-teste.pt\/formidable\/wp-json\/wp\/v2\/pages\/87864\/revisions\/89598"}],"wp:attachment":[{"href":"https:\/\/dominio-teste.pt\/formidable\/wp-json\/wp\/v2\/media?parent=87864"}],"curies":[{"name":"wp","href":"https:\/\/api.w.org\/{rel}","templated":true}]}}